{"id":746,"date":"2024-11-17T17:14:21","date_gmt":"2024-11-17T16:14:21","guid":{"rendered":"http:\/\/www.kirstenspeicher-hundeschule.de\/?page_id=746"},"modified":"2024-11-17T17:32:09","modified_gmt":"2024-11-17T16:32:09","slug":"meine-hunde-und-ich-2","status":"publish","type":"page","link":"http:\/\/www.kirstenspeicher-hundeschule.de\/?page_id=746","title":{"rendered":"\u2013 meine Hunde und ich"},"content":{"rendered":"\n<p><\/p>\n\n\n\n<p>Mein Name ist Kirsten Speicher.<br>Seit meiner Kindheit begleiten mich Hunde und vielleicht war es unsere dickk\u00f6pfige Rauhhaardackelh\u00fcndin Tony, ein Angstbei\u00dfer aus Zwingerhaltung \u00fcbernommen, die mein Interesse an der Arbeit mit Hunden weckte oder ein mir unbekannter Zufall, jedenfalls erf\u00fcllte sich 1994 mein Traum von meinem eigenen Hund.<\/p>\n\n\n\n<figure class=\"wp-block-image size-full\"><a href=\"http:\/\/www.kirstenspeicher-hundeschule.de\/wp-content\/uploads\/2008\/06\/buddy-tierheim-500.jpg\"><img loading=\"lazy\" decoding=\"async\" width=\"500\" height=\"696\" src=\"http:\/\/www.kirstenspeicher-hundeschule.de\/wp-content\/uploads\/2008\/06\/buddy-tierheim-500.jpg\" alt=\"\" class=\"wp-image-66\"\/><\/a><\/figure>\n\n\n\n<p>oben \u2013 Buddy \u2013 noch im Tierheim<\/p>\n\n\n\n<figure class=\"wp-block-image size-full\"><a href=\"http:\/\/www.kirstenspeicher-hundeschule.de\/wp-content\/uploads\/2008\/06\/buddy-burgwald-500.jpg\"><img loading=\"lazy\" decoding=\"async\" width=\"500\" height=\"537\" src=\"http:\/\/www.kirstenspeicher-hundeschule.de\/wp-content\/uploads\/2008\/06\/buddy-burgwald-500.jpg\" alt=\"\" class=\"wp-image-65\"\/><\/a><\/figure>\n\n\n\n<p>Buddy war mein 16-j\u00e4hriger Irish-Setter R\u00fcde. Leider musste ich ihn im Juni 2007 einschl\u00e4fern lassen.<\/p>\n\n\n\n<p>Ich bekam Buddy aus dem Tierheim, als er 3 Jahre alt war. Da er \u00fcber keinerlei Grundgehorsam verf\u00fcgte, nicht stubenrein war und zudem ein unendliches Temperamentsb\u00fcndel, durfte bzw. musste ich so viel durch ihn und \u00fcber ihn lernen.<\/p>\n\n\n\n<p>Wir gerieten 1996 an die Rettungshundearbeit und so habe ich den den zahlreichen Jahren zun\u00e4chst als Hundef\u00fchrerin, dann zus\u00e4tzlich als Ausbilderin und sp\u00e4ter auch als Pr\u00fcferin mit meinen Hunden gearbeitet. Dabei meine ich Buddy und die wunderbaren Pers\u00f6nlichkeiten, die noch folgen sollten. Die Setter-Sucht hatte mich ?<\/p>\n\n\n\n<p>Unser Haupteinsatzgebiet war die Fl\u00e4chensuche, aber wir (meine Hunde und ich) haben auch Tr\u00fcmmerpr\u00fcfungen erfolgreich abgelegt und ein wenig Erfahrung in der Wassersuche sammeln d\u00fcrfen. Gemeinsam haben wir etliche Eins\u00e4tze absolviert und uns nun auf das Mantrailing spezialisiert.<\/p>\n\n\n\n<p>Dabei war ich in KatS-Orgas t\u00e4tig, als auch in Rettungshundestaffeln, die privat als Verein organisiert sind, und nat\u00fcrlich polizeilich \u00fcberpr\u00fcft.<\/p>\n\n\n\n<figure class=\"wp-block-image size-full\"><a href=\"http:\/\/www.kirstenspeicher-hundeschule.de\/wp-content\/uploads\/2008\/06\/aidan-und-ich-500.jpg\"><img loading=\"lazy\" decoding=\"async\" width=\"500\" height=\"684\" src=\"http:\/\/www.kirstenspeicher-hundeschule.de\/wp-content\/uploads\/2008\/06\/aidan-und-ich-500.jpg\" alt=\"\" class=\"wp-image-64\"\/><\/a><\/figure>\n\n\n\n<p>Aidan und ich.<\/p>\n\n\n\n<p>Dann kam Eny in unser Leben \u2026<\/p>\n\n\n\n<figure class=\"wp-block-image size-full\"><a href=\"http:\/\/www.kirstenspeicher-hundeschule.de\/wp-content\/uploads\/2008\/06\/aidan-eny2.jpg\"><img loading=\"lazy\" decoding=\"async\" width=\"500\" height=\"332\" src=\"http:\/\/www.kirstenspeicher-hundeschule.de\/wp-content\/uploads\/2008\/06\/aidan-eny2.jpg\" alt=\"\" class=\"wp-image-61\"\/><\/a><\/figure>\n\n\n\n<p>\u2026 zu zweit kuscheln ist dann doch netter als allein.<\/p>\n\n\n\n<figure class=\"wp-block-image size-full\"><a href=\"http:\/\/www.kirstenspeicher-hundeschule.de\/wp-content\/uploads\/2008\/06\/aidan-eny-schlafen.jpg\"><img loading=\"lazy\" decoding=\"async\" width=\"500\" height=\"325\" src=\"http:\/\/www.kirstenspeicher-hundeschule.de\/wp-content\/uploads\/2008\/06\/aidan-eny-schlafen.jpg\" alt=\"\" class=\"wp-image-62\"\/><\/a><\/figure>\n","protected":false},"excerpt":{"rendered":"<p>Mein Name ist Kirsten Speicher.Seit meiner Kindheit begleiten mich Hunde und vielleicht war es unsere dickk\u00f6pfige Rauhhaardackelh\u00fcndin Tony, ein Angstbei\u00dfer aus Zwingerhaltung \u00fcbernommen, die mein Interesse an der Arbeit mit Hunden weckte oder ein mir unbekannter Zufall, jedenfalls erf\u00fcllte sich 1994 mein Traum von meinem eigenen Hund. oben \u2013 Buddy \u2013 noch im Tierheim Buddy [&hellip;]<\/p>\n","protected":false},"author":3,"featured_media":0,"parent":744,"menu_order":210,"comment_status":"closed","ping_status":"closed","template":"","meta":{"footnotes":""},"class_list":["post-746","page","type-page","status-publish","hentry"],"_links":{"self":[{"href":"http:\/\/www.kirstenspeicher-hundeschule.de\/index.php?rest_route=\/wp\/v2\/pages\/746","targetHints":{"allow":["GET"]}}],"collection":[{"href":"http:\/\/www.kirstenspeicher-hundeschule.de\/index.php?rest_route=\/wp\/v2\/pages"}],"about":[{"href":"http:\/\/www.kirstenspeicher-hundeschule.de\/index.php?rest_route=\/wp\/v2\/types\/page"}],"author":[{"embeddable":true,"href":"http:\/\/www.kirstenspeicher-hundeschule.de\/index.php?rest_route=\/wp\/v2\/users\/3"}],"replies":[{"embeddable":true,"href":"http:\/\/www.kirstenspeicher-hundeschule.de\/index.php?rest_route=%2Fwp%2Fv2%2Fcomments&post=746"}],"version-history":[{"count":3,"href":"http:\/\/www.kirstenspeicher-hundeschule.de\/index.php?rest_route=\/wp\/v2\/pages\/746\/revisions"}],"predecessor-version":[{"id":818,"href":"http:\/\/www.kirstenspeicher-hundeschule.de\/index.php?rest_route=\/wp\/v2\/pages\/746\/revisions\/818"}],"up":[{"embeddable":true,"href":"http:\/\/www.kirstenspeicher-hundeschule.de\/index.php?rest_route=\/wp\/v2\/pages\/744"}],"wp:attachment":[{"href":"http:\/\/www.kirstenspeicher-hundeschule.de\/index.php?rest_route=%2Fwp%2Fv2%2Fmedia&parent=746"}],"curies":[{"name":"wp","href":"https:\/\/api.w.org\/{rel}","templated":true}]}}

<p></p>



<p>Mein Name ist Kirsten Speicher.<br>Seit meiner Kindheit begleiten mich Hunde und vielleicht war es unsere dickköpfige Rauhhaardackelhündin Tony, ein Angstbeißer aus Zwingerhaltung übernommen, die mein Interesse an der Arbeit mit Hunden weckte oder ein mir unbekannter Zufall, jedenfalls erfüllte sich 1994 mein Traum von meinem eigenen Hund.</p>



<figure class="wp-block-image size-full"><a href="http://www.kirstenspeicher-hundeschule.de/wp-content/uploads/2008/06/buddy-tierheim-500.jpg"><img loading="lazy" decoding="async" width="500" height="696" src="http://www.kirstenspeicher-hundeschule.de/wp-content/uploads/2008/06/buddy-tierheim-500.jpg" alt="" class="wp-image-66"/></a></figure>



<p>oben – Buddy – noch im Tierheim</p>



<figure class="wp-block-image size-full"><a href="http://www.kirstenspeicher-hundeschule.de/wp-content/uploads/2008/06/buddy-burgwald-500.jpg"><img loading="lazy" decoding="async" width="500" height="537" src="http://www.kirstenspeicher-hundeschule.de/wp-content/uploads/2008/06/buddy-burgwald-500.jpg" alt="" class="wp-image-65"/></a></figure>



<p>Buddy war mein 16-jähriger Irish-Setter Rüde. Leider musste ich ihn im Juni 2007 einschläfern lassen.</p>



<p>Ich bekam Buddy aus dem Tierheim, als er 3 Jahre alt war. Da er über keinerlei Grundgehorsam verfügte, nicht stubenrein war und zudem ein unendliches Temperamentsbündel, durfte bzw. musste ich so viel durch ihn und über ihn lernen.</p>



<p>Wir gerieten 1996 an die Rettungshundearbeit und so habe ich den den zahlreichen Jahren zunächst als Hundeführerin, dann zusätzlich als Ausbilderin und später auch als Prüferin mit meinen Hunden gearbeitet. Dabei meine ich Buddy und die wunderbaren Persönlichkeiten, die noch folgen sollten. Die Setter-Sucht hatte mich ?</p>



<p>Unser Haupteinsatzgebiet war die Flächensuche, aber wir (meine Hunde und ich) haben auch Trümmerprüfungen erfolgreich abgelegt und ein wenig Erfahrung in der Wassersuche sammeln dürfen. Gemeinsam haben wir etliche Einsätze absolviert und uns nun auf das Mantrailing spezialisiert.</p>



<p>Dabei war ich in KatS-Orgas tätig, als auch in Rettungshundestaffeln, die privat als Verein organisiert sind, und natürlich polizeilich überprüft.</p>



<figure class="wp-block-image size-full"><a href="http://www.kirstenspeicher-hundeschule.de/wp-content/uploads/2008/06/aidan-und-ich-500.jpg"><img loading="lazy" decoding="async" width="500" height="684" src="http://www.kirstenspeicher-hundeschule.de/wp-content/uploads/2008/06/aidan-und-ich-500.jpg" alt="" class="wp-image-64"/></a></figure>



<p>Aidan und ich.</p>



<p>Dann kam Eny in unser Leben …</p>



<figure class="wp-block-image size-full"><a href="http://www.kirstenspeicher-hundeschule.de/wp-content/uploads/2008/06/aidan-eny2.jpg"><img loading="lazy" decoding="async" width="500" height="332" src="http://www.kirstenspeicher-hundeschule.de/wp-content/uploads/2008/06/aidan-eny2.jpg" alt="" class="wp-image-61"/></a></figure>



<p>… zu zweit kuscheln ist dann doch netter als allein.</p>



<figure class="wp-block-image size-full"><a href="http://www.kirstenspeicher-hundeschule.de/wp-content/uploads/2008/06/aidan-eny-schlafen.jpg"><img loading="lazy" decoding="async" width="500" height="325" src="http://www.kirstenspeicher-hundeschule.de/wp-content/uploads/2008/06/aidan-eny-schlafen.jpg" alt="" class="wp-image-62"/></a></figure>

<p>Mein Name ist Kirsten Speicher.Seit meiner Kindheit begleiten mich Hunde und vielleicht war es unsere dickköpfige Rauhhaardackelhündin Tony, ein Angstbeißer aus Zwingerhaltung übernommen, die mein Interesse an der Arbeit mit Hunden weckte oder ein mir unbekannter Zufall, jedenfalls erfüllte sich 1994 mein Traum von meinem eigenen Hund. oben – Buddy – noch im Tierheim Buddy [&hellip;]</p>
