{"id":773,"date":"2024-11-17T17:03:55","date_gmt":"2024-11-17T16:03:55","guid":{"rendered":"http:\/\/www.kirstenspeicher-hundeschule.de\/?page_id=773"},"modified":"2024-11-17T17:35:12","modified_gmt":"2024-11-17T16:35:12","slug":"impressum-kontakt-2","status":"publish","type":"page","link":"http:\/\/www.kirstenspeicher-hundeschule.de\/?page_id=773","title":{"rendered":"Impressum \/ Kontakt"},"content":{"rendered":"\n<p><\/p>\n\n\n\n<p><strong>Kirsten Speicher \u2013 Hundeschule<\/strong><\/p>\n\n\n\n<p>Inhaberin: Kirsten Speicher<\/p>\n\n\n\n<figure class=\"wp-block-image\"><img loading=\"lazy\" decoding=\"async\" width=\"30\" height=\"44\" src=\"http:\/\/www.kirstenspeicher-hundeschule.de\/wp-content\/uploads\/2010\/07\/Buddys-Pfote-orange-durchs.png\" alt=\"\" class=\"wp-image-188\" title=\"Buddys Pfote orange durchs\"\/><\/figure>\n\n\n\n<p><strong>Kontakt<\/strong><\/p>\n\n\n\n<p>Ich bin unter KEINER Festnetznummer zu erreichen und stehe nicht im Telefonbuch. Es gibt immer wieder R\u00fcckmeldungen, dass ich unter bestimmten Nummern nicht zu erreichen bin. Ich habe mich auf solchen Plattformen unter diesen Nummern nicht eingetragen.<\/p>\n\n\n\n<p>Da einige Hundebesitzer trotz Sprechzeiten schon morgens um 7 einige Informationen zur Hundeschule per Telefon einholen wollen, andere abends um halb 11, bin ich dazu \u00fcbergegangen mein Telefon zu bestimmten Zeiten auszuschalten. Die Sprechzeiten habe ich wieder abgeschafft und versuche ans Telefon zu gehen, wenn Umstand und Zeit es m\u00f6glich machen. Ich bitte daher um Verst\u00e4ndnis, dass ich recht schwierig zu erreichen bin, rufe aber auf messenger, sms oder e-mail gern zur\u00fcck.<\/p>\n\n\n\n<p>Telefon: +49 176 476 674 41<br>e-Mail: info\u201cat\u201ckshs.de<br>(bitte das \u201eat\u201c durch ein @ erg\u00e4nzen)<\/p>\n\n\n\n<p><strong>Impressum<\/strong><\/p>\n\n\n\n<p>Kirsten Speicher<br>In der Pfann 10<br>35091 C\u00f6lbe<\/p>\n\n\n\n<p>Telefon: +49 176 476 674 41<br>e-Mail: info\u201cat\u201ckshs.de<\/p>\n\n\n\n<p>Steuernummer: 031 870 61570<\/p>\n\n\n\n<p>Haftungshinweis: Trotz sorgf\u00e4ltiger inhaltlicher Kontrolle \u00fcbernehme ich keine Haftung f\u00fcr die Inhalte externer Links. F\u00fcr den Inhalt der verlinkten Seiten sind ausschlie\u00dflich deren Betreiber verantwortlich.<\/p>\n\n\n\n<p>Kirsten Speicher ist Teilnehmer des Amazon-Partnerprogramm, das zur Bereitstellung eines Mediums f\u00fcr Webseiten konzipiert wurde, mittels dessen durch die Platzierung von Partner-Links zu Amazon.de Entgelte verdient werden k\u00f6nnen.<\/p>\n","protected":false},"excerpt":{"rendered":"<p>Kirsten Speicher \u2013 Hundeschule Inhaberin: Kirsten Speicher Kontakt Ich bin unter KEINER Festnetznummer zu erreichen und stehe nicht im Telefonbuch. Es gibt immer wieder R\u00fcckmeldungen, dass ich unter bestimmten Nummern nicht zu erreichen bin. Ich habe mich auf solchen Plattformen unter diesen Nummern nicht eingetragen. Da einige Hundebesitzer trotz Sprechzeiten schon morgens um 7 einige [&hellip;]<\/p>\n","protected":false},"author":3,"featured_media":0,"parent":0,"menu_order":600,"comment_status":"closed","ping_status":"closed","template":"","meta":{"footnotes":""},"class_list":["post-773","page","type-page","status-publish","hentry"],"_links":{"self":[{"href":"http:\/\/www.kirstenspeicher-hundeschule.de\/index.php?rest_route=\/wp\/v2\/pages\/773","targetHints":{"allow":["GET"]}}],"collection":[{"href":"http:\/\/www.kirstenspeicher-hundeschule.de\/index.php?rest_route=\/wp\/v2\/pages"}],"about":[{"href":"http:\/\/www.kirstenspeicher-hundeschule.de\/index.php?rest_route=\/wp\/v2\/types\/page"}],"author":[{"embeddable":true,"href":"http:\/\/www.kirstenspeicher-hundeschule.de\/index.php?rest_route=\/wp\/v2\/users\/3"}],"replies":[{"embeddable":true,"href":"http:\/\/www.kirstenspeicher-hundeschule.de\/index.php?rest_route=%2Fwp%2Fv2%2Fcomments&post=773"}],"version-history":[{"count":4,"href":"http:\/\/www.kirstenspeicher-hundeschule.de\/index.php?rest_route=\/wp\/v2\/pages\/773\/revisions"}],"predecessor-version":[{"id":833,"href":"http:\/\/www.kirstenspeicher-hundeschule.de\/index.php?rest_route=\/wp\/v2\/pages\/773\/revisions\/833"}],"wp:attachment":[{"href":"http:\/\/www.kirstenspeicher-hundeschule.de\/index.php?rest_route=%2Fwp%2Fv2%2Fmedia&parent=773"}],"curies":[{"name":"wp","href":"https:\/\/api.w.org\/{rel}","templated":true}]}}